mon factor of 1242 and 18?
18
What is the greatest common divisor of 11 and 781?
11
What is the highest common factor of 47 and 47?
47
What is the greatest common divisor of 422 and 6?
2
What is the highest common factor of 69 and 2553?
69
What is the highest common divisor of 378 and 273?
21
Calculate the highest common factor of 1281 and 3660.
183
What is the highest common factor of 48 and 176?
16
What is the highest common factor of 18 and 603?
9
What is the highest common factor of 357 and 2541?
21
What is the greatest common divisor of 88 and 136?
8
What is the greatest common factor of 9 and 4?
1
What is the greatest common factor of 39321 and 306?
153
What is the highest common factor of 6592 and 618?
206
Calculate the highest common factor of 648 and 5940.
108
Calculate the greatest common factor of 279 and 124.
31
What is the highest common factor of 6 and 18?
6
What is the highest common factor of 46 and 621?
23
Calculate the greatest common factor of 3616 and 339.
113
Calculate the greatest common factor of 25 and 725.
25
Calculate the highest common factor of 5 and 25405.
5
Calculate the highest common factor of 630 and 21.
21
What is the highest common factor of 602 and 86?
86
Calculate the greatest common divisor of 105 and 455.
35
What is the greatest common factor of 1392 and 19836?
348
Calculate the highest common divisor of 18 and 28278.
18
What is the greatest common factor of 1271 and 533?
41
Calculate the greatest common divisor of 1258 and 74.
74
What is the highest common factor of 61 and 244?
61
What is the greatest common factor of 12 and 642?
6
Calculate the greatest common factor of 14 and 462.
14
What is the highest common factor of 14261 and 13?
13
What is the highest common divisor of 40 and 145?
5
Calculate the highest common factor of 9784 and 8.
8
What is the highest common divisor of 15 and 165?
15
Calculate the greatest common divisor of 9920 and 10.
10
What is the greatest common divisor of 7 and 448?
7
Calculate the greatest common divisor of 34 and 17153.
17
Calculate the greatest common factor of 48 and 120.
24
Calculate the greatest common divisor of 154 and 33.
11
Calculate the highest common divisor of 7176 and 78.
78
Calculate the highest common divisor of 96 and 5856.
96
Calculate the highest common divisor of 672 and 91.
7
Calculate the greatest common divisor of 7182 and 35.
7
What is the greatest common factor of 168 and 120?
24
What is the highest common divisor of 65 and 245?
5
Calculate the highest common divisor of 2 and 159.
1
What is the greatest common divisor of 1600 and 5000?
200
What is the greatest common divisor of 1216 and 8192?
64
Calculate the greatest common factor of 324 and 36.
36
Calculate the greatest common divisor of 2669 and 68.
17
What is the highest common factor of 972 and 36?
36
What is the highest common factor of 165 and 2585?
55
Calculate the greatest common factor of 116179 and 49.
49
What is the highest common factor of 3 and 435?
3
Calculate the highest common factor of 1022 and 42.
14
What is the highest common divisor of 12 and 25968?
12
Calculate the highest common factor of 1364 and 88.
44
What is the greatest common divisor of 1205 and 9158?
241
Calculate the highest common divisor of 62 and 48639.
31
What is the highest common divisor of 73008 and 8?
8
What is the highest common divisor of 29832 and 440?
88
What is the highest common factor of 5994 and 74?
74
Calculate the highest common divisor of 1254 and 66.
66
Calculate the highest common factor of 21 and 78687.
21
What is the highest common factor of 50 and 350?
50
Calculate the greatest common divisor of 405 and 45.
45
Calculate the highest common factor of 98 and 245.
49
What is the greatest common divisor of 1274 and 78?
26
Calculate the greatest common factor of 2 and 1.
1
What is the highest common divisor of 13 and 377?
13
Calculate the greatest common factor of 18 and 1620.
18
Calculate the greatest common divisor of 21 and 126.
21
What is the highest common factor of 1398 and 2?
2
Calculate the greatest common factor of 4876 and 184.
92
Calculate the highest common factor of 1224 and 576.
72
What is the highest common divisor of 18 and 441?
9
Calculate the highest common factor of 1850 and 1150.
50
What is the greatest common factor of 1072 and 16?
16
What is the greatest common factor of 228 and 18924?
228
Calculate the greatest common factor of 1140 and 240.
60
What is the greatest common divisor of 260 and 20?
20
What is the highest common factor of 5525 and 65?
65
Calculate the highest common divisor of 216 and 186.
6
What is the highest common factor of 30 and 90?
30
Calculate the greatest common factor of 832 and 13.
13
Calculate the greatest common factor of 3008 and 94.
94
What is the highest common divisor of 40 and 45?
5
Calculate the highest common divisor of 492 and 41.
41
Calculate the greatest common factor of 80 and 15.
5
Calculate the greatest common factor of 9824 and 96.
32
Calculate the greatest common divisor of 3288 and 24.
24
Calculate the greatest common factor of 3 and 3603.
3
What is the highest common divisor of 14 and 889?
7
What is the greatest common factor of 40 and 3670?
10
What is the greatest common divisor of 2523 and 522?
87
What is the greatest common divisor of 142 and 2201?
71
What is the greatest common divisor of 5518 and 62?
62
Calculate the highest common divisor of 219 and 2701.
73
Calculate the highest common factor of 178 and 1602.
178
Calculate the greatest common factor of 6 and 2658.
6
What is the greatest common factor of 933 and 3?
3
What is the highest common factor of 2076 and 36?
12
Calculate the highest common divisor of 696 and 754.
58
What is the highest common factor of 1758 and 24?
6
Calculate the greatest common divisor of 500 and 20.
20
Calculate the greatest common divisor of 15 and 51.
3
What is the greatest common factor of 272 and 32?
16
Calculate the greatest common factor of 510 and 17.
17
Calculate the greatest common factor of 12 and 27288.
12
What is the highest common factor of 282 and 138?
6
Calculate the highest common divisor of 27 and 72.
9
What is the highest common factor of 48 and 3324?
12
What is the highest common factor of 230 and 184?
46
What is the highest common divisor of 144 and 396?
36
Calculate the highest common divisor of 135 and 2052.
27
Calculate the highest common factor of 572 and 176.
44
Calculate the greatest common factor of 5516 and 56.
28
Calculate the highest common divisor of 66 and 24.
6
Calculate the highest common divisor of 156 and 1612.
52
Calculate the highest common divisor of 782 and 138.
46
What is the highest common factor of 16 and 11632?
16
What is the greatest common divisor of 324 and 204?
12
Calculate the greatest common factor of 33 and 88.
11
What is the greatest common divisor of 242 and 22?
22
What is the greatest common divisor of 27 and 69?
3
What is the highest common factor of 24 and 732?
12
Calculate the highest common factor of 3 and 159.
3
Calculate the highest common factor of 30 and 60.
30
What is the highest common divisor of 667 and 406?
29
What is the greatest common divisor of 70 and 190?
10
Calculate the highest common divisor of 8035 and 15.
5
What is the greatest common factor of 80 and 490?
10
What is the greatest common divisor of 15 and 80?
5
Calculate the greatest common divisor of 42 and 78.
6
Calculate the greatest common factor of 2541 and 77.
77
Calculate the highest common factor of 486 and 6.
6
What is the highest common factor of 2394 and 3724?
266
Calculate the highest common factor of 12338 and 62.
62
What is the highest common divisor of 18 and 13698?
18
Calculate the highest common divisor of 192 and 120.
24
What is the highest common factor of 25 and 20?
5
What is the highest common factor of 4 and 62?
2
Calculate the highest common factor of 797 and 1.
1
What is the greatest common divisor of 175 and 161?
7
What is the greatest common divisor of 1130 and 20?
10
What is the greatest common divisor of 14094 and 12?
6
Calculate the greatest common factor of 901 and 34.
17
What is the highest common factor of 2055 and 45?
15
Calculate the greatest common divisor of 246 and 18614.
82
What is the highest common divisor of 36 and 192?
12
Calculate 